{"id":159,"date":"2025-11-18T19:13:56","date_gmt":"2025-11-18T19:13:56","guid":{"rendered":"https:\/\/carniceriagarcia.com\/?page_id=159"},"modified":"2025-11-18T19:13:59","modified_gmt":"2025-11-18T19:13:59","slug":"declaracion-de-accesibilidad","status":"publish","type":"page","link":"https:\/\/carniceriagarcia.com\/index.php\/declaracion-de-accesibilidad\/","title":{"rendered":"Declaraci\u00f3n de Accesibilidad"},"content":{"rendered":"<p>[et_pb_section fb_built=\u00bb1&#8243; custom_padding_last_edited=\u00bbon|phone\u00bb _builder_version=\u00bb4.27.4&#8243; _module_preset=\u00bbdefault\u00bb use_background_color_gradient=\u00bbon\u00bb background_color_gradient_stops=\u00bbrgba(0,0,0,0.68) 0%|rgba(0,0,0,0.42) 99%\u00bb background_color_gradient_overlays_image=\u00bbon\u00bb background_image=\u00bbhttps:\/\/carniceriagarcia.com\/wp-content\/uploads\/2025\/11\/supermercado-garcia-18.jpg\u00bb custom_padding=\u00bb155px||218px||false|false\u00bb custom_padding_tablet=\u00bb155px||218px||false|false\u00bb custom_padding_phone=\u00bb131px||131px||false|false\u00bb global_colors_info=\u00bb{}\u00bb theme_builder_area=\u00bbpost_content\u00bb][et_pb_row _builder_version=\u00bb4.27.4&#8243; _module_preset=\u00bbdefault\u00bb custom_padding=\u00bb4px|||||\u00bb global_colors_info=\u00bb{}\u00bb theme_builder_area=\u00bbpost_content\u00bb][et_pb_column type=\u00bb4_4&#8243; _builder_version=\u00bb4.27.4&#8243; _module_preset=\u00bbdefault\u00bb global_colors_info=\u00bb{}\u00bb theme_builder_area=\u00bbpost_content\u00bb][et_pb_text _builder_version=\u00bb4.27.4&#8243; _module_preset=\u00bbdefault\u00bb text_font=\u00bbJosefin Sans|700|||||||\u00bb text_text_color=\u00bb#FFFFFF\u00bb text_font_size=\u00bb77px\u00bb text_line_height=\u00bb1.2em\u00bb text_orientation=\u00bbcenter\u00bb custom_padding=\u00bb3px|100px||100px|false|true\u00bb custom_padding_tablet=\u00bb|100px||100px|false|true\u00bb custom_padding_phone=\u00bb|0px||0px|false|true\u00bb custom_padding_last_edited=\u00bbon|phone\u00bb text_font_size_tablet=\u00bb77px\u00bb text_font_size_phone=\u00bb52px\u00bb text_font_size_last_edited=\u00bbon|phone\u00bb global_colors_info=\u00bb{}\u00bb theme_builder_area=\u00bbpost_content\u00bb]<\/p>\n<p>Carnicer\u00eda Garc\u00eda<\/p>\n<p>[\/et_pb_text][et_pb_text _builder_version=\u00bb4.27.4&#8243; _module_preset=\u00bbdefault\u00bb text_font=\u00bbJosefin Sans|700|||||||\u00bb text_text_color=\u00bb#FFFFFF\u00bb text_font_size=\u00bb34px\u00bb text_line_height=\u00bb1.2em\u00bb text_orientation=\u00bbcenter\u00bb custom_padding=\u00bb|100px||100px|false|true\u00bb custom_padding_tablet=\u00bb|100px||100px|false|true\u00bb custom_padding_phone=\u00bb|12px||12px|false|true\u00bb custom_padding_last_edited=\u00bbon|phone\u00bb hover_enabled=\u00bb0&#8243; text_font_size_tablet=\u00bb77px\u00bb text_font_size_phone=\u00bb40px\u00bb text_font_size_last_edited=\u00bbon|phone\u00bb global_colors_info=\u00bb{}\u00bb theme_builder_area=\u00bbpost_content\u00bb sticky_enabled=\u00bb0&#8243;]<\/p>\n<p>Declaraci\u00f3n de Accesibilidad<\/p>\n<p>[\/et_pb_text][\/et_pb_column][\/et_pb_row][\/et_pb_section][et_pb_section fb_built=\u00bb1&#8243; custom_padding_last_edited=\u00bbon|phone\u00bb _builder_version=\u00bb4.27.4&#8243; _module_preset=\u00bbdefault\u00bb background_enable_color=\u00bboff\u00bb custom_padding=\u00bb95px||93px|||\u00bb custom_padding_tablet=\u00bb95px||93px|||\u00bb custom_padding_phone=\u00bb38px||46px||false|false\u00bb global_colors_info=\u00bb{}\u00bb theme_builder_area=\u00bbpost_content\u00bb][et_pb_row _builder_version=\u00bb4.27.4&#8243; _module_preset=\u00bbdefault\u00bb width=\u00bb95%\u00bb max_width=\u00bb1250px\u00bb custom_padding=\u00bb|20px||20px|false|true\u00bb global_colors_info=\u00bb{}\u00bb theme_builder_area=\u00bbpost_content\u00bb][et_pb_column type=\u00bb4_4&#8243; _builder_version=\u00bb4.27.4&#8243; _module_preset=\u00bbdefault\u00bb global_colors_info=\u00bb{}\u00bb theme_builder_area=\u00bbpost_content\u00bb][et_pb_text _builder_version=\u00bb4.27.4&#8243; _module_preset=\u00bbdefault\u00bb hover_enabled=\u00bb0&#8243; global_colors_info=\u00bb{}\u00bb theme_builder_area=\u00bbpost_content\u00bb sticky_enabled=\u00bb0&#8243;]<\/p>\n<section class=\"elementor-section elementor-top-section elementor-element elementor-element-349cd5ce elementor-section-boxed elementor-section-height-default elementor-section-height-default\" data-id=\"349cd5ce\" data-element_type=\"section\">\n<div class=\"elementor-container elementor-column-gap-default\">\n<div class=\"elementor-column elementor-col-100 elementor-top-column elementor-element elementor-element-41a8dd88\" data-id=\"41a8dd88\" data-element_type=\"column\">\n<div class=\"elementor-widget-wrap elementor-element-populated\">\n<div class=\"elementor-element elementor-element-7b3d1647 elementor-widget elementor-widget-text-editor\" data-id=\"7b3d1647\" data-element_type=\"widget\" data-widget_type=\"text-editor.default\">\n<div class=\"elementor-widget-container\">\n<h2 class=\"wp-block-heading\">Declaraci\u00f3n de Accesibilidad de la Web de carniceriagarcia.com<\/h2>\n<p>Supermercado Garc\u00eda se compromete a proporcionar un sitio web, una aplicaci\u00f3n m\u00f3vil y otros contenidos digitales que sean accesibles para todos los clientes, incluidos los que tienen alguna discapacidad.<\/p>\n<p>Hemos adoptado las Directrices de Accesibilidad al Contenido en la Web (WCAG) 2.1 Nivel AA como nuestra Norma de Accesibilidad, y trabajamos continuamente para mantener nuestras p\u00e1ginas web y aplicaciones en conformidad sustancial con dicha Norma, as\u00ed como para proporcionar la mejor experiencia de usuario posible para todos.<\/p>\n<h2 class=\"wp-block-heading\">Comentarios<\/h2>\n<p>Agradecemos tus comentarios y preguntas sobre la accesibilidad de cualquiera de nuestros sitios web, aplicaciones m\u00f3viles u otros activos digitales.<\/p>\n<ul class=\"wp-block-list\">\n<li>Ponte en contacto con: info@carniceriagarcia.com<\/li>\n<li>Direcci\u00f3n postal: R\u00faa Rei Don Garc\u00eda, 89 Bajo, 27002 Lugo<\/li>\n<\/ul>\n<p>Hacemos todo lo posible por responder a los comentarios en un plazo de 5 d\u00edas laborables.<\/p>\n<\/div>\n<\/div>\n<\/div>\n<\/div>\n<\/div>\n<\/section>\n<p>[\/et_pb_text][\/et_pb_column][\/et_pb_row][\/et_pb_section]<\/p>\n","protected":false},"excerpt":{"rendered":"<p>Carnicer\u00eda Garc\u00edaDeclaraci\u00f3n de Accesibilidad Declaraci\u00f3n de Accesibilidad de la Web de carniceriagarcia.com Supermercado Garc\u00eda se compromete a proporcionar un sitio web, una aplicaci\u00f3n m\u00f3vil y otros contenidos digitales que sean accesibles para todos los clientes, incluidos los que tienen alguna discapacidad. Hemos adoptado las Directrices de Accesibilidad al Contenido en la Web (WCAG) 2.1 Nivel [&hellip;]<\/p>\n","protected":false},"author":1,"featured_media":0,"parent":0,"menu_order":0,"comment_status":"closed","ping_status":"closed","template":"","meta":{"_et_pb_use_builder":"on","_et_pb_old_content":"","_et_gb_content_width":"","footnotes":""},"class_list":["post-159","page","type-page","status-publish","hentry"],"_links":{"self":[{"href":"https:\/\/carniceriagarcia.com\/index.php\/wp-json\/wp\/v2\/pages\/159","targetHints":{"allow":["GET"]}}],"collection":[{"href":"https:\/\/carniceriagarcia.com\/index.php\/wp-json\/wp\/v2\/pages"}],"about":[{"href":"https:\/\/carniceriagarcia.com\/index.php\/wp-json\/wp\/v2\/types\/page"}],"author":[{"embeddable":true,"href":"https:\/\/carniceriagarcia.com\/index.php\/wp-json\/wp\/v2\/users\/1"}],"replies":[{"embeddable":true,"href":"https:\/\/carniceriagarcia.com\/index.php\/wp-json\/wp\/v2\/comments?post=159"}],"version-history":[{"count":2,"href":"https:\/\/carniceriagarcia.com\/index.php\/wp-json\/wp\/v2\/pages\/159\/revisions"}],"predecessor-version":[{"id":162,"href":"https:\/\/carniceriagarcia.com\/index.php\/wp-json\/wp\/v2\/pages\/159\/revisions\/162"}],"wp:attachment":[{"href":"https:\/\/carniceriagarcia.com\/index.php\/wp-json\/wp\/v2\/media?parent=159"}],"curies":[{"name":"wp","href":"https:\/\/api.w.org\/{rel}","templated":true}]}}